ctor of 22 and s.
11
Let f(k) = 4*k**2 - 4*k - 32. Let u be f(-4). What is the highest common factor of u and 6?
6
Suppose 5*c = 2*n - 5*n + 663, -3*n = -c - 645. What is the highest common factor of 24 and n?
24
Let h(o) = o**3 - 3*o**2 + 2*o + 1. Let z be h(2). Let m = 14 - 7. Let s = -2 + m. Calculate the greatest common factor of s and z.
1
Let q = 9 - -62. Suppose -q = -2*s + 129. What is the greatest common factor of 40 and s?
20
Suppose 13 = 3*p + 1. Let b = 41 - 29. Let k be 82/3 - b/(-18). What is the greatest common factor of k and p?
4
Let h be 4 + (4/2 - 2). Suppose -2*g + h + 8 = 0. What is the greatest common divisor of g and 48?
6
Suppose 0*k = k - 3. What is the highest common divisor of k and 3?
3
Let y(m) = m**3 + 2*m**2 - 2*m - 2. Let s be y(3). Let n = s + -63. Let j be 10/(0 + (-4)/n). Calculate the greatest common factor of j and 13.
13
Suppose -5*b = 2*y - 3*y - 4, 16 = -4*y + 2*b. Let m be (-4)/y*3 - -7. Calculate the greatest common divisor of m and 80.
10
Suppose 2*w = -0*w + 100. Suppose c - 3*b - 22 = 0, 3*c + b = -3*b + 14. What is the greatest common factor of w and c?
10
Let z be -1 + (1/(-1) - -5). Let j(g) = 8*g - 2. Let y be j(1). Let c be (y/z)/(6/51). Calculate the greatest common factor of 153 and c.
17
Let n be (-512)/(-36) + 2/(-9). Let w(s) = -2*s**3 + 3*s**2 + 5*s + 4. Let x be w(-3). What is the highest common divisor of x and n?
14
Let k be 14*(-6)/(-9)*3. Suppose 0*s + k = 2*s. Calculate the greatest common factor of s and 14.
14
Suppose 0 = o - 6*o + 15. What is the greatest common factor of 1 and o?
1
Suppose 2*k - 266 = -4*z, 8*z + 4*k + 172 = 11*z. Calculate the greatest common divisor of 48 and z.
16
Let t be (4*-4)/(6 + -7). Suppose 2*h + 2*j = 258, -4*j = 2*h - 0*h - 260. What is the highest common factor of t and h?
16
Let b be (8/(-5))/((-1)/5). Let j = 19 - 1. Let k = j - b. What is the highest common divisor of k and 10?
10
Suppose -14 = -d + 8. What is the highest common divisor of d and 2?
2
Let t be ((0 + -1)*116)/(-2). Calculate the greatest common divisor of 87 and t.
29
Let v(j) = -62*j + 3. Let n be v(-3). What is the highest common divisor of n and 21?
21
Suppose 0*y = -y - n + 151, 3*n = -y + 143. Calculate the greatest common factor of 31 and y.
31
Suppose r + 4 = 5*r. Suppose -9 + 4 = -5*m. Let b be r/(0 - (m + -2)). What is the highest common divisor of 1 and b?
1
Let k = -144 + 238. Let q = 162 - k. Let d = 42 + -25. Calculate the greatest common factor of d and q.
17
Suppose 5*r - 10*r + 20 = 0. What is the greatest common divisor of 28 and r?
4
Suppose 5*z - 145 = -4*x, -4*z + 129 - 2 = x. Suppose -6*w = -38*w + 96. Calculate the greatest common factor of z and w.
3
Let v(r) = r**3 + 2*r**2 - 5*r - 3. Let f be v(-3). Let g be 0/(f/(-3)) - -14. Calculate the greatest common factor of 21 and g.
7
Let b be 0/(1 + 1 + -3). Let v = b + 2. Calculate the highest common factor of v and 2.
2
Suppose 0 = c + 2*c - 12. Let z(r) = -r + 5. Let x be z(c). Suppose -4*p + 14 = 3*d, -13 = -d - 5*p - x. What is the highest common divisor of d and 2?
2
Let w(p) = -p**3 + 5*p**2 + 8*p - 6. Let j be w(6). Let r(v) = -v**3 + 7*v**2 - 7*v + 7. Let f be r(j). Calculate the highest common factor of 5 and f.
1
Suppose -5*h = -65 - 55. Let a = 102 - 66. Suppose b - a = -0*b + z, 144 = 4*b + z. What is the greatest common factor of h and b?
12
Let f(c) = 2*c**2 - 6*c - 8. Let a be f(6). Suppose -4*n = 4*m - a, m + 3*n + n = -5. Calculate the highest common divisor of m and 88.
11
Suppose -3*q + 15 = 3*o, -q - 3 = 4*q - 2*o. What is the greatest common divisor of 8 and q?
1
Suppose -n + 4*s + 4 = 0, -4*n = -0*s + 4*s - 16. Suppose f + n = 3. Let l be (f + 2 + 0)*2. What is the highest common factor of 22 and l?
2
Let c be ((-750)/(-45))/(1/3). Calculate the highest common divisor of 10 and c.
10
Let v be 1 + (1 - 1*6). Let r(y) be the first derivative of -5*y**2/2 - 3*y + 1. Let d be r(v). Calculate the highest common divisor of d and 153.
17
Let z(f) = f + 93. Let s be z(0). Let d = s - 57. Suppose 4*p + 4 = -4*y + 72, 5*p - 25 = 0. What is the greatest common factor of d and y?
12
Suppose 0 = -5*p - 2*l + 3*l + 673, 0 = -3*p + 3*l + 399. What is the highest common divisor of p and 15?
15
Let z be (0 - 0) + 2/1. Suppose -140 = -2*g - t - 4*t, z*t + 112 = 2*g. What is the greatest common divisor of 20 and g?
20
Let c = -14 - -15. What is the greatest common factor of c and 1?
1
Suppose -47 = -r - 4*h - 16, 0 = r - 2*h - 7. Suppose 0*y = y. Let j be (y - -1)/((-2)/(-240)). Calculate the greatest common factor of j and r.
15
Let c(i) = i**3 - 5*i**2 + i - 5. Let s be c(5). Suppose -3*a - 3 = s, a - 35 = -4*l + 20. Calculate the highest common divisor of l and 35.
7
Suppose 0*c + 3*t = 2*c + 65, -3*t = 4*c + 157. Let q = 61 + c. What is the greatest common factor of 3 and q?
3
Let v be 31/3 - 22/(-33). Calculate the highest common divisor of v and 121.
11
Let x = 3 - 2. Suppose 5*m = -0*m - 5. Let k be m/(136/(-44) + 3). What is the highest common divisor of k and x?
1
Let r(w) = 32*w - 2. Let j be r(4). Calculate the greatest common divisor of 18 and j.
18
Let z be (-8)/2*(-210)/12. Let l = 30 - 16. What is the greatest common factor of z and l?
14
Let t(c) = c**2 - 3. Suppose 18 = 4*o + 3*x, 3*o - 3*x = -o + 6. Let l be t(o). Suppose 2*a = 6 - 2. Calculate the highest common divisor of l and a.
2
Suppose -28*x - 21 = -29*x. Suppose -d + 2*d = 14. Calculate the greatest common divisor of x and d.
7
Suppose -2*z = x + x - 114, 124 = 2*z + 4*x. Suppose 3*i = -i + z. Calculate the greatest common divisor of i and 26.
13
Let d be -1 + 17 + (-3 - (-2 - 0)). Let z be (-1 + 3)*(-25)/(-10). What is the greatest common divisor of z and d?
5
Let v(n) = -13*n**2. Let z be v(-1). Let j be (-1 - 2/(-2)) + -19. Let q = z - j. Calculate the greatest common divisor of 3 and q.
3
Let k = 418 + -373. Suppose -4*o + 5*p - 16 = -6*o, 4 = -p. Calculate the highest common factor of o and k.
9
Suppose -40 = -5*p + 3*p. Suppose 4*q + 26 = -3*b, q - 42 = 5*q - 5*b. Let g be (-5)/p + (-74)/q. What is the highest common factor of 6 and g?
3
Suppose 2*r + 0*r = 2*y + 24, 4*r + 3*y = 48. What is the highest common factor of 2 and r?
2
Let p be 11/(-2) + 5 + (-90)/(-4). What is the highest common divisor of p and 110?
22
Suppose -5*q = 8 - 18. Suppose -12 = 2*n + q*t - 30, -2*t = -n + 3. Let v be -12*(-1 + 10/(-4)). What is the greatest common divisor of n and v?
7
Let w be -2 + (-1 - 1 - -12). Calculate the greatest common factor of w and 88.
8
Let t(u) = u**3 - 3*u**2 - 6*u - 4. Let x be t(5). Let a = x - -47. Suppose 2*b + 2*b = 28. What is the highest common divisor of b and a?
7
Let f(c) = -162*c**3 - 1. Let q be f(-1). Suppose 2*v - 3*r - 107 = 0, 3*v - 3*r - q = r. Calculate the highest common divisor of 5 and v.
5
Suppose 5*v + 9 = -2*m - 12, -2*v = 5*m + 21. Let s(a) = a**2 + 3*a + 1. Let z be s(v). What is the highest common factor of z and 8?
1
Let m = 44 - 31. Suppose 8*r - m*r + 40 = 0. Let a be -1 + 10 - (-1 - -2). Calculate the greatest common factor of a and r.
8
Suppose -3*t = 5*k + t - 119, 4*k = -2*t + 94. What is the greatest common divisor of 69 and k?
23
Suppose -3*i = -13 - 8. Calculate the highest common factor of 7 and i.
7
Let u = -13 + 29. What is the highest common factor of 8 and u?
8
Let i = 12 + -6. Let h be (-125)/(-3) - 2/(-6). Calculate the greatest common factor of i and h.
6
Let h be (-96)/(-10)*(-1120)/(-84). What is the highest common factor of 8 and h?
8
Suppose -2*r + 7 = -13. What is the highest common divisor of 90 and r?
10
Let l be 385/5 - 3/(-3). Suppose l = -2*q + 5*q. What is the greatest common divisor of q and 182?
26
Let f be (-1596)/(-35) - (-6)/(-10). Calculate the greatest common factor of f and 5.
5
Suppose -3*d + 2*d - l = -15, 4*d = -2*l + 62. Let v = 32 - d. Calculate the greatest common divisor of 128 and v.
16
Let l = -8 + 11. Let x(p) = p**3 + 10*p**2 + 5*p - 9. Let s be (2 - 1)*(-1 - 8). Let t be x(s). Calculate the highest common factor of t and l.
3
Let m = -1 - -9. Suppose -5*k + 6 = -2*k. Let u be 2 + k*-1*-9. Calculate the greatest common divisor of m and u.
4
Let x(k) = k**2 - 5*k + 7. Let y be x(7). Suppose 2*n - 1 - y = 3*b, 5*b + 4 = n. Calculate the highest co